{"id":625,"date":"2020-04-03T09:35:19","date_gmt":"2020-04-03T07:35:19","guid":{"rendered":"http:\/\/www.al-firma.pl\/?page_id=625"},"modified":"2020-04-03T09:35:19","modified_gmt":"2020-04-03T07:35:19","slug":"antywirusy-2","status":"publish","type":"page","link":"http:\/\/www.al-firma.pl\/?page_id=625","title":{"rendered":"Antywirusy"},"content":{"rendered":"<p><a href=\"https:\/\/www.avg.com\/pl-pl\/download-thank-you.php?product=freegsr&amp;ppc=a3\">AVG FREE<\/a> &#8211;\u00a0\u00a0bezp\u0142atna ochrona,\u00a0kt\u00f3ra nigdy Ci\u0119 nie zawiedzie<\/p>\n<p><a href=\"https:\/\/www.avast.com\/pl-pl\/download-thank-you.php?product=FAV-PPC&amp;locale=pl-pl&amp;ppc=a3&amp;ppc=a3\">AVAST FREE<\/a> &#8211; bezp\u0142atna ochrona dla nowszych komputer\u00f3w<\/p>\n<p><a href=\"http:\/\/al-firma.pl\/pliki\/hijack.exe\">Hijackthis<\/a> &#8211; program do autostartu<\/p>\n<p><a href=\"https:\/\/downloads.malwarebytes.com\/file\/adwcleaner\">ADWCleaner<\/a> &#8211; program do usuwania malwaru<\/p>\n<p>&nbsp;<\/p>\n","protected":false},"excerpt":{"rendered":"<p>AVG FREE &#8211;\u00a0\u00a0bezp\u0142atna ochrona,\u00a0kt\u00f3ra nigdy Ci\u0119 nie zawiedzie AVAST FREE &#8211; bezp\u0142atna ochrona dla nowszych komputer\u00f3w Hijackthis &#8211; program do autostartu ADWCleaner &#8211; program do usuwania malwaru &nbsp;<\/p>\n","protected":false},"author":2,"featured_media":0,"parent":0,"menu_order":0,"comment_status":"closed","ping_status":"closed","template":"","meta":{"footnotes":""},"class_list":["post-625","page","type-page","status-publish","hentry"],"_links":{"self":[{"href":"http:\/\/www.al-firma.pl\/index.php?rest_route=\/wp\/v2\/pages\/625"}],"collection":[{"href":"http:\/\/www.al-firma.pl\/index.php?rest_route=\/wp\/v2\/pages"}],"about":[{"href":"http:\/\/www.al-firma.pl\/index.php?rest_route=\/wp\/v2\/types\/page"}],"author":[{"embeddable":true,"href":"http:\/\/www.al-firma.pl\/index.php?rest_route=\/wp\/v2\/users\/2"}],"replies":[{"embeddable":true,"href":"http:\/\/www.al-firma.pl\/index.php?rest_route=%2Fwp%2Fv2%2Fcomments&post=625"}],"version-history":[{"count":1,"href":"http:\/\/www.al-firma.pl\/index.php?rest_route=\/wp\/v2\/pages\/625\/revisions"}],"predecessor-version":[{"id":627,"href":"http:\/\/www.al-firma.pl\/index.php?rest_route=\/wp\/v2\/pages\/625\/revisions\/627"}],"wp:attachment":[{"href":"http:\/\/www.al-firma.pl\/index.php?rest_route=%2Fwp%2Fv2%2Fmedia&parent=625"}],"curies":[{"name":"wp","href":"https:\/\/api.w.org\/{rel}","templated":true}]}}